{"id":7,"date":"2021-11-01T10:46:09","date_gmt":"2021-11-01T10:46:09","guid":{"rendered":"http:\/\/prawnik-uk.online\/?page_id=7"},"modified":"2022-02-03T12:08:09","modified_gmt":"2022-02-03T12:08:09","slug":"contact","status":"publish","type":"page","link":"http:\/\/prawnik-uk.online\/index.php\/contact\/","title":{"rendered":"Contact"},"content":{"rendered":"\n<p>Skontakuj si\u0119 z nami.<\/p>\n\n\n\n<p><a href=\"tel:+4402034889710\" target=\"_blank\" rel=\"noreferrer noopener\"><img decoding=\"async\" src=\"http:\/\/prawnik-uk.online\/wp-content\/uploads\/2021\/11\/icons8-phone-48.png\" alt=\"Call us\"><\/a> Zadzwo\u0144 do naszego prawnika bezpo\u015brednio ze swojej kom\u00f3rki, wpisz +4402034889710 lub napisz na maila <a href=\"mailto:Kasia@thaxtedlegal.com\">Kasia@thaxtedlegal.com<\/a> <\/p>\n","protected":false},"excerpt":{"rendered":"<p>Skontakuj si\u0119 z nami. Zadzwo\u0144 do naszego prawnika bezpo\u015brednio ze swojej kom\u00f3rki, wpisz +4402034889710 lub napisz na maila Kasia@thaxtedlegal.com<\/p>\n","protected":false},"author":1,"featured_media":0,"parent":0,"menu_order":0,"comment_status":"closed","ping_status":"closed","template":"","meta":{"om_disable_all_campaigns":false,"_monsterinsights_skip_tracking":false,"_monsterinsights_sitenote_active":false,"_monsterinsights_sitenote_note":"","_monsterinsights_sitenote_category":0,"_joinchat":[],"footnotes":""},"class_list":["post-7","page","type-page","status-publish","hentry"],"aioseo_notices":[],"_links":{"self":[{"href":"http:\/\/prawnik-uk.online\/index.php\/wp-json\/wp\/v2\/pages\/7","targetHints":{"allow":["GET"]}}],"collection":[{"href":"http:\/\/prawnik-uk.online\/index.php\/wp-json\/wp\/v2\/pages"}],"about":[{"href":"http:\/\/prawnik-uk.online\/index.php\/wp-json\/wp\/v2\/types\/page"}],"author":[{"embeddable":true,"href":"http:\/\/prawnik-uk.online\/index.php\/wp-json\/wp\/v2\/users\/1"}],"replies":[{"embeddable":true,"href":"http:\/\/prawnik-uk.online\/index.php\/wp-json\/wp\/v2\/comments?post=7"}],"version-history":[{"count":2,"href":"http:\/\/prawnik-uk.online\/index.php\/wp-json\/wp\/v2\/pages\/7\/revisions"}],"predecessor-version":[{"id":246,"href":"http:\/\/prawnik-uk.online\/index.php\/wp-json\/wp\/v2\/pages\/7\/revisions\/246"}],"wp:attachment":[{"href":"http:\/\/prawnik-uk.online\/index.php\/wp-json\/wp\/v2\/media?parent=7"}],"curies":[{"name":"wp","href":"https:\/\/api.w.org\/{rel}","templated":true}]}}