{"id":47,"date":"2021-11-06T09:14:13","date_gmt":"2021-11-06T09:14:13","guid":{"rendered":"http:\/\/prawnik-uk.online\/?page_id=47"},"modified":"2023-09-07T09:49:49","modified_gmt":"2023-09-07T09:49:49","slug":"prawo-imigracyjne","status":"publish","type":"page","link":"http:\/\/prawnik-uk.online\/index.php\/prawo-imigracyjne\/","title":{"rendered":"Prawo imigracyjne."},"content":{"rendered":"\n<p>Po wyj\u015bciu Wielkiej Brytanii z Unii europejskiej prawo imigracyjne nabra\u0142o dla mieszkaj\u0105cych tu Polak\u00f3w wyj\u0105tkowego znaczenia. Sytuacja prawna imigrant\u00f3w z pa\u0144stw Unii Europejskiej zmieni\u0142a si\u0119 diametralnie. <\/p>\n\n\n\n<figure class=\"wp-block-image alignwide size-large\"><img loading=\"lazy\" decoding=\"async\" width=\"1920\" height=\"1079\" src=\"http:\/\/prawnik-uk.online\/wp-content\/uploads\/2023\/09\/young-2550630_1920-edited.jpg\" alt=\"\" class=\"wp-image-336\" srcset=\"http:\/\/prawnik-uk.online\/wp-content\/uploads\/2023\/09\/young-2550630_1920-edited.jpg 1920w, http:\/\/prawnik-uk.online\/wp-content\/uploads\/2023\/09\/young-2550630_1920-edited-300x169.jpg 300w, http:\/\/prawnik-uk.online\/wp-content\/uploads\/2023\/09\/young-2550630_1920-edited-1024x575.jpg 1024w, http:\/\/prawnik-uk.online\/wp-content\/uploads\/2023\/09\/young-2550630_1920-edited-768x432.jpg 768w, http:\/\/prawnik-uk.online\/wp-content\/uploads\/2023\/09\/young-2550630_1920-edited-1536x863.jpg 1536w\" sizes=\"auto, (max-width: 1920px) 100vw, 1920px\" \/><\/figure>\n\n\n\n<p>Znale\u017ali si\u0119 oni w sytuacji wszystkich innych imigrant\u00f3w w UK i musz\u0105 polega\u0107 na tych samych przepisach imigracyjnych co reszta \u015bwiata. Pomoc prawnika w nawigacji tych skomplikowanych zasad i przepis\u00f3w jest w wielu przypadkach nieodzowna.  <\/p>\n\n\n\n<p>Nasza firma specjalizuje si\u0119 w brytyjskim prawie imigracyjnym i pomog\u0142a ju\u017c wielu osobom. <\/p>\n\n\n\n<p>Zajmujemy si\u0119 mi\u0119dzy innymi:<\/p>\n\n\n\n<p>Sk\u0142adaniem poda\u0144 o<a href=\"http:\/\/prawnik-uk.online\/index.php\/naturalizacja-podanie-o-obywatelstwo-brytyjskie\/\" target=\"_blank\" rel=\"noopener\" title=\"\"> obywatelstwo brytyjskie<\/a>.<\/p>\n\n\n\n<p>Podaniami o rejestracje dziecka jako obywatela brytyjskiego.<\/p>\n\n\n\n<p>Podaniami o brytyjski passport<\/p>\n\n\n\n<p>Sk\u0142adaniem poda\u0144 o osiedlenie (\u2018Settled Status\u2019).<\/p>\n\n\n\n<p>Wnioskami osiedlenie na czas ograniczony (\u2018Pre-Settled Status\u2019).<\/p>\n\n\n\n<p>Podaniami dla cz\u0142onk\u00f3w rodziny (dzieci, <a href=\"http:\/\/prawnik-uk.online\/index.php\/wiza-malzenska-w-wielkiej-brytanii\/\" target=\"_blank\" rel=\"noopener\" title=\"\">partner\/ma\u0142\u017conek<\/a>, rodzice, dziadkowie).<\/p>\n\n\n\n<p>Innymi podaniami z zakresu prawa imigracyjnego.<\/p>\n","protected":false},"excerpt":{"rendered":"<p>Po wyj\u015bciu Wielkiej Brytanii z Unii europejskiej prawo imigracyjne nabra\u0142o dla mieszkaj\u0105cych tu Polak\u00f3w wyj\u0105tkowego znaczenia. Sytuacja prawna imigrant\u00f3w z pa\u0144stw Unii Europejskiej zmieni\u0142a si\u0119 diametralnie. Znale\u017ali si\u0119 oni w sytuacji wszystkich innych imigrant\u00f3w w UK i musz\u0105 polega\u0107 na tych samych przepisach imigracyjnych co reszta \u015bwiata. Pomoc prawnika w nawigacji tych skomplikowanych zasad i [&hellip;]<\/p>\n","protected":false},"author":1,"featured_media":0,"parent":0,"menu_order":0,"comment_status":"closed","ping_status":"closed","template":"","meta":{"om_disable_all_campaigns":false,"_monsterinsights_skip_tracking":false,"_monsterinsights_sitenote_active":false,"_monsterinsights_sitenote_note":"","_monsterinsights_sitenote_category":0,"_joinchat":[],"footnotes":""},"class_list":["post-47","page","type-page","status-publish","hentry"],"aioseo_notices":[],"_links":{"self":[{"href":"http:\/\/prawnik-uk.online\/index.php\/wp-json\/wp\/v2\/pages\/47","targetHints":{"allow":["GET"]}}],"collection":[{"href":"http:\/\/prawnik-uk.online\/index.php\/wp-json\/wp\/v2\/pages"}],"about":[{"href":"http:\/\/prawnik-uk.online\/index.php\/wp-json\/wp\/v2\/types\/page"}],"author":[{"embeddable":true,"href":"http:\/\/prawnik-uk.online\/index.php\/wp-json\/wp\/v2\/users\/1"}],"replies":[{"embeddable":true,"href":"http:\/\/prawnik-uk.online\/index.php\/wp-json\/wp\/v2\/comments?post=47"}],"version-history":[{"count":2,"href":"http:\/\/prawnik-uk.online\/index.php\/wp-json\/wp\/v2\/pages\/47\/revisions"}],"predecessor-version":[{"id":337,"href":"http:\/\/prawnik-uk.online\/index.php\/wp-json\/wp\/v2\/pages\/47\/revisions\/337"}],"wp:attachment":[{"href":"http:\/\/prawnik-uk.online\/index.php\/wp-json\/wp\/v2\/media?parent=47"}],"curies":[{"name":"wp","href":"https:\/\/api.w.org\/{rel}","templated":true}]}}