{"id":401,"date":"2026-02-06T15:00:56","date_gmt":"2026-02-06T15:00:56","guid":{"rendered":"http:\/\/prawnik-uk.online\/?page_id=401"},"modified":"2026-02-06T15:00:57","modified_gmt":"2026-02-06T15:00:57","slug":"mandaty-nieoplacone-oplaty-parkingowe-a-naturalizacja-w-uk","status":"publish","type":"page","link":"http:\/\/prawnik-uk.online\/index.php\/mandaty-nieoplacone-oplaty-parkingowe-a-naturalizacja-w-uk\/","title":{"rendered":"Mandaty, nieop\u0142acone op\u0142aty parkingowe a naturalizacja w UK"},"content":{"rendered":"\n<p>Osoby staraj\u0105ce si\u0119 o <a href=\"http:\/\/prawnik-uk.online\/index.php\/naturalizacja-podanie-o-obywatelstwo-brytyjskie\/\" title=\"\">naturalizacj\u0119 w Wielkiej Brytanii<\/a> musz\u0105 spe\u0142ni\u0107 szereg warunk\u00f3w zanim przyznane im zostanie obywatelstwo w UK. <\/p>\n\n\n\n<p>Jednym z wa\u017cnych element\u00f3w sprawdzanych przez Home Office podczas procedury naturalizacyjnej jest good character. Obejmuje on wiele obszar\u00f3w aktywno\u015bci kandydata, od poszanowania prawa do stosowania si\u0119 do zasad wsp\u00f3\u0142\u017cycia spo\u0142ecznego. <\/p>\n\n\n<div class=\"wp-block-image\">\n<figure class=\"aligncenter size-large\"><img loading=\"lazy\" decoding=\"async\" width=\"1024\" height=\"686\" src=\"http:\/\/prawnik-uk.online\/wp-content\/uploads\/2026\/02\/joepitu-night-7530755_1280-1024x686.jpg\" alt=\"\" class=\"wp-image-402\" srcset=\"http:\/\/prawnik-uk.online\/wp-content\/uploads\/2026\/02\/joepitu-night-7530755_1280-1024x686.jpg 1024w, http:\/\/prawnik-uk.online\/wp-content\/uploads\/2026\/02\/joepitu-night-7530755_1280-300x201.jpg 300w, http:\/\/prawnik-uk.online\/wp-content\/uploads\/2026\/02\/joepitu-night-7530755_1280-768x514.jpg 768w, http:\/\/prawnik-uk.online\/wp-content\/uploads\/2026\/02\/joepitu-night-7530755_1280.jpg 1280w\" sizes=\"auto, (max-width: 1024px) 100vw, 1024px\" \/><\/figure>\n<\/div>\n\n\n<p>Jednym z problematycznych obszar\u00f3w dla wielu sk\u0142adaj\u0105cych podanie o naturalizacj\u0119 jest kwestia mandat\u00f3w i kar zwi\u0105zanych z u\u017cytkowaniem samochodu. <\/p>\n\n\n\n<h2 class=\"wp-block-heading has-text-align-center has-pale-cyan-blue-color has-text-color has-link-color wp-elements-c64659b846f37016a0e74ed213c3e33b\">Kary za parkowanie i mandaty<\/h2>\n\n\n\n<p>Ka\u017cdy regularnie je\u017cd\u017c\u0105cy po brytyjskich drogach wie jak \u0142atwo mo\u017cna otrzyma\u0107 mandat w Wielkiej Brytanii. Co za tym idzie, wielu staraj\u0105cych si\u0119 o obywatelstwo ma na swoim koncie mandaty oraz inne op\u0142aty zwi\u0105zane z posiadaniem i u\u017cywaniem samochodu w UK.<\/p>\n\n\n\n<p>Wi\u0119kszo\u015b\u0107 mandat\u00f3w i kar zwi\u0105zanych z u\u017cytkowaniem pojazd\u00f3w w UK nie wchodzi w zakres prawa karnego i nie powoduje automatycznego odrzucenia podania o naturalizacj\u0119 z powodu wykrocze\u0144 kryminalnych. <\/p>\n\n\n\n<p>Niemniej, mandaty i nieop\u0142acone op\u0142aty r\u00f3\u017cnego typu mog\u0105 stanowi\u0107 problem z powodu wymaga\u0144 od sk\u0142adaj\u0105cego podanie do bycia osob\u0105 godn\u0105 zaufania i dobrym obywatelem (good character requirement). <\/p>\n\n\n\n<p>Uchylanie si\u0119 od p\u0142acenia kar i cz\u0119ste otrzymywanie mandat\u00f3w mo\u017ce oznacza\u0107 dla Home Office osob\u0119 o w\u0105tpliwym charakterze i na tej podstawie podanie o naturalizacj\u0119 mo\u017ce zosta\u0107 odrzucone.<\/p>\n\n\n\n<p>Dlatego przed z\u0142o\u017ceniem podania o naturalizacj\u0119 warto uporz\u0105dkowa\u0107 sprawy zwi\u0105zane z mandatami i nieop\u0142aconymi op\u0142atami parkingowymi. <\/p>\n\n\n\n<p>Wi\u0119cej szczeg\u00f3\u0142\u00f3w na ten temat mo\u017cna znale\u017a\u0107 na <a href=\"https:\/\/thaxtedlegal.com\/traffic-parking-offences-fixed-penalties-naturalisation\/\" title=\"\">tej stronie (ang)<\/a>.<\/p>\n","protected":false},"excerpt":{"rendered":"<p>Osoby staraj\u0105ce si\u0119 o naturalizacj\u0119 w Wielkiej Brytanii musz\u0105 spe\u0142ni\u0107 szereg warunk\u00f3w zanim przyznane im zostanie obywatelstwo w UK. Jednym z wa\u017cnych element\u00f3w sprawdzanych przez Home Office podczas procedury naturalizacyjnej jest good character. Obejmuje on wiele obszar\u00f3w aktywno\u015bci kandydata, od poszanowania prawa do stosowania si\u0119 do zasad wsp\u00f3\u0142\u017cycia spo\u0142ecznego. Jednym z problematycznych obszar\u00f3w dla wielu [&hellip;]<\/p>\n","protected":false},"author":1,"featured_media":0,"parent":0,"menu_order":0,"comment_status":"closed","ping_status":"closed","template":"","meta":{"om_disable_all_campaigns":false,"_monsterinsights_skip_tracking":false,"_monsterinsights_sitenote_active":false,"_monsterinsights_sitenote_note":"","_monsterinsights_sitenote_category":0,"_joinchat":[],"footnotes":""},"class_list":["post-401","page","type-page","status-publish","hentry"],"aioseo_notices":[],"_links":{"self":[{"href":"http:\/\/prawnik-uk.online\/index.php\/wp-json\/wp\/v2\/pages\/401","targetHints":{"allow":["GET"]}}],"collection":[{"href":"http:\/\/prawnik-uk.online\/index.php\/wp-json\/wp\/v2\/pages"}],"about":[{"href":"http:\/\/prawnik-uk.online\/index.php\/wp-json\/wp\/v2\/types\/page"}],"author":[{"embeddable":true,"href":"http:\/\/prawnik-uk.online\/index.php\/wp-json\/wp\/v2\/users\/1"}],"replies":[{"embeddable":true,"href":"http:\/\/prawnik-uk.online\/index.php\/wp-json\/wp\/v2\/comments?post=401"}],"version-history":[{"count":1,"href":"http:\/\/prawnik-uk.online\/index.php\/wp-json\/wp\/v2\/pages\/401\/revisions"}],"predecessor-version":[{"id":403,"href":"http:\/\/prawnik-uk.online\/index.php\/wp-json\/wp\/v2\/pages\/401\/revisions\/403"}],"wp:attachment":[{"href":"http:\/\/prawnik-uk.online\/index.php\/wp-json\/wp\/v2\/media?parent=401"}],"curies":[{"name":"wp","href":"https:\/\/api.w.org\/{rel}","templated":true}]}}