{"id":287,"date":"2022-05-10T11:23:58","date_gmt":"2022-05-10T11:23:58","guid":{"rendered":"http:\/\/prawnik-uk.online\/?page_id=287"},"modified":"2022-05-11T08:30:56","modified_gmt":"2022-05-11T08:30:56","slug":"kryteria-dla-kandydatow-na-wize-pracownicza","status":"publish","type":"page","link":"http:\/\/prawnik-uk.online\/index.php\/kryteria-dla-kandydatow-na-wize-pracownicza\/","title":{"rendered":"Kryteria dla kandydat\u00f3w na wiz\u0119 pracownicz\u0105"},"content":{"rendered":"\n<p>Ka\u017cdy kto ubiega si\u0119 o <a href=\"http:\/\/prawnik-uk.online\/index.php\/dla-biznesu\/sponsor-licence\/\" target=\"_blank\" rel=\"noreferrer noopener\" title=\"wiz\u0119 praczownicz\u0105\">wiz\u0119 pracownicz\u0105<\/a> w UK musi spe\u0142ni\u0107 szereg wymaga\u0144 formalnych stawianych przez Home Office. Podczas gdy cz\u0119\u015b\u0107 z nich jest specyficzna dla konkretnej wizy, wiele jest og\u00f3lnych. <\/p>\n\n\n\n<div class=\"wp-block-image\"><figure class=\"aligncenter size-large is-resized\"><img loading=\"lazy\" decoding=\"async\" src=\"http:\/\/prawnik-uk.online\/wp-content\/uploads\/2022\/05\/english-gfc55b171c_1920-1024x658.jpg\" alt=\"\" class=\"wp-image-288\" width=\"762\" height=\"489\" srcset=\"http:\/\/prawnik-uk.online\/wp-content\/uploads\/2022\/05\/english-gfc55b171c_1920-1024x658.jpg 1024w, http:\/\/prawnik-uk.online\/wp-content\/uploads\/2022\/05\/english-gfc55b171c_1920-300x193.jpg 300w, http:\/\/prawnik-uk.online\/wp-content\/uploads\/2022\/05\/english-gfc55b171c_1920-768x494.jpg 768w, http:\/\/prawnik-uk.online\/wp-content\/uploads\/2022\/05\/english-gfc55b171c_1920-1536x987.jpg 1536w, http:\/\/prawnik-uk.online\/wp-content\/uploads\/2022\/05\/english-gfc55b171c_1920.jpg 1920w\" sizes=\"auto, (max-width: 762px) 100vw, 762px\" \/><\/figure><\/div>\n\n\n\n<h2 class=\"has-text-align-center has-medium-font-size wp-block-heading\"><span class=\"has-inline-color has-vivid-cyan-blue-color\">Og\u00f3lne wymagania wizowe w Wielkiej Brytanii<\/span><\/h2>\n\n\n\n<p>Dwa podstawowe wymagania jakie musi spe\u0142ni\u0107 ka\u017cdy kto chce pracowa\u0107 w Wielkiej Brytanii to oferta pracy od pracodawcy kt\u00f3ry ma licencj\u0119 na zatrudnianie pracownik\u00f3w z zagranicy i znajomo\u015b\u0107 j\u0119zyka angielskiego w mowie i pi\u015bmie. W wi\u0119kszo\u015bci przypadk\u00f3w zdanie egzaminu ze znajomo\u015bci j\u0119zyka jest warunkiem konieczym przyznania wizy. Jedynie w niekt\u00f3rych przypadkach nie jest to konieczne. Dotyczy to os\u00f3b kt\u00f3re s\u0105 obywatelami kraj\u00f3w uznanych przez Home Office za m\u00f3wi\u0105ce po agielsku oraz tych os\u00f3b kt\u00f3re ukop\u0144czy\u0142y uniwersytet z j\u0119zykiem wyk\u0142adowym angielskim. <\/p>\n\n\n\n<p>Wszyscy pozostali kandydaci musz\u0105 zda\u0107 egzamin w autoryzowanym centrum. Szczeg\u00f3\u0142owe informacje na en temat wraz z list\u0105 kraj\u00f3w zwolniaj\u0105cych z obowi\u0105zku mo\u017cna znale\u017a\u0107 na stronie <a href=\"https:\/\/www.gov.uk\/skilled-worker-visa\/knowledge-of-english\" target=\"_blank\" rel=\"noreferrer noopener\" title=\"Home Office\">Home Office<\/a>. <\/p>\n\n\n\n<figure class=\"wp-block-pullquote\"><blockquote><p>Egzamin ze znajomo\u015bci j\u0119zyka angielskiego jest podstawowym wymogiem przy niemal wszystkich wizach pracowniczych i jednym z istotniejszych problem\u00f3w dla wielu potencjalnych kandydat\u00f3w. <\/p><\/blockquote><\/figure>\n","protected":false},"excerpt":{"rendered":"<p>Ka\u017cdy kto ubiega si\u0119 o wiz\u0119 pracownicz\u0105 w UK musi spe\u0142ni\u0107 szereg wymaga\u0144 formalnych stawianych przez Home Office. Podczas gdy cz\u0119\u015b\u0107 z nich jest specyficzna dla konkretnej wizy, wiele jest og\u00f3lnych. Og\u00f3lne wymagania wizowe w Wielkiej Brytanii Dwa podstawowe wymagania jakie musi spe\u0142ni\u0107 ka\u017cdy kto chce pracowa\u0107 w Wielkiej Brytanii to oferta pracy od pracodawcy [&hellip;]<\/p>\n","protected":false},"author":1,"featured_media":0,"parent":0,"menu_order":0,"comment_status":"closed","ping_status":"closed","template":"","meta":{"om_disable_all_campaigns":false,"_monsterinsights_skip_tracking":false,"_monsterinsights_sitenote_active":false,"_monsterinsights_sitenote_note":"","_monsterinsights_sitenote_category":0,"_joinchat":[],"footnotes":""},"class_list":["post-287","page","type-page","status-publish","hentry"],"aioseo_notices":[],"_links":{"self":[{"href":"http:\/\/prawnik-uk.online\/index.php\/wp-json\/wp\/v2\/pages\/287","targetHints":{"allow":["GET"]}}],"collection":[{"href":"http:\/\/prawnik-uk.online\/index.php\/wp-json\/wp\/v2\/pages"}],"about":[{"href":"http:\/\/prawnik-uk.online\/index.php\/wp-json\/wp\/v2\/types\/page"}],"author":[{"embeddable":true,"href":"http:\/\/prawnik-uk.online\/index.php\/wp-json\/wp\/v2\/users\/1"}],"replies":[{"embeddable":true,"href":"http:\/\/prawnik-uk.online\/index.php\/wp-json\/wp\/v2\/comments?post=287"}],"version-history":[{"count":4,"href":"http:\/\/prawnik-uk.online\/index.php\/wp-json\/wp\/v2\/pages\/287\/revisions"}],"predecessor-version":[{"id":294,"href":"http:\/\/prawnik-uk.online\/index.php\/wp-json\/wp\/v2\/pages\/287\/revisions\/294"}],"wp:attachment":[{"href":"http:\/\/prawnik-uk.online\/index.php\/wp-json\/wp\/v2\/media?parent=287"}],"curies":[{"name":"wp","href":"https:\/\/api.w.org\/{rel}","templated":true}]}}